 3497*f - 3559*f + 27307342 = 0. Is f a prime number?
True
Suppose -16*x + 30 = -2. Suppose x*p = -5*c + 2387, 5*p + 4*c - 4880 = 1113. Is p prime?
True
Is (1670139/18 + 5)*2 composite?
True
Let g(o) = -8715*o + 111. Let a be g(-9). Suppose -3*j = 0, -4*p + a = 3*j + 20942. Is p prime?
True
Suppose 9*m = 4*m + 40. Let a(t) = 1029*t + 85. Is a(m) a composite number?
False
Let i be 0 + 5 - -13*(-5 - -1456). Let m = i + -12887. Is m a prime number?
True
Suppose 11 = -5*k - 2*f, 4*k + f = -0*f - 10. Let s be (k/(-2))/(9/12)*2. Suppose -s*v - 3613 = -11361. Is v a prime number?
False
Suppose -273*d + 3766727 + 23619399 = -11058007. Is d a composite number?
True
Let z(r) = 1898*r + 56. Let d(o) = -949*o - 28. Let f(u) = 13*d(u) + 6*z(u). Is f(-3) prime?
True
Suppose 3*j + j = -8. Let x be (j - (-3 - -2))*-8. Suppose x = u - 29. Is u a prime number?
True
Let w(l) = -l + 3. Let d be w(-2). Suppose 4*t = -t - 5, -4*t = -d*m + 2689. Suppose 19*c - m = 16*c. Is c composite?
False
Is ((-153404)/(-3) - 11)/(2/36*2) prime?
False
Is 4*3948592/20 + 3 + (-66)/15 prime?
False
Suppose -16 = u - 5*i, -5*u + i + 32 = 4*i. Suppose 167 = -u*m + 735. Suppose 2*y + 36 - m = 0. Is y a composite number?
False
Let b = 132934 - 51425. Is b prime?
True
Suppose -c = -2*a - 1456, 0 = -c - 5*a + a + 1486. Suppose v = 4*b + c - 8959, 2*v - 9376 = -5*b. Is b prime?
False
Let o(i) = 115*i + 27. Suppose 0 = -8*g + 10*g - 84. Suppose g = -3*z + 108. Is o(z) a composite number?
False
Suppose 0 = 5*m - 3*g - 6251, 1843 + 647 = 2*m + 4*g. Is m composite?
False
Let y = -2760 - -1001. Let t = 6065 + y. Is t prime?
False
Let d = 34 - 32. Suppose d*i - 4*z - 18 = -z, 2*z + 14 = 2*i. Suppose -3*l + 5*w = i*w - 2375, -3168 = -4*l + 4*w. Is l a composite number?
True
Let c be (-92)/138 - (-34)/6. Suppose 15 = -3*d, -7*r + c*d - 8509 = -9*r. Is r a prime number?
False
Suppose -3*b + 4*y = -1770 + 115, -5*y - 2765 = -5*b. Is b composite?
False
Let n be (0/(-2))/((-12)/(-6)). Let f be (-45)/(-15)*(-2)/(-6). Is 1061*(n - f)*-1 composite?
False
Let m be -14 - -17 - 319/1. Let t = m - -559. Suppose -7*c + 1720 - t = 0. Is c composite?
False
Suppose 27*p + 101789 = 2475548. Is p prime?
True
Suppose -2*i + 4 = -2. Suppose -r + 4222 = 4*s - 4*r, r - 1052 = -s. Is (-1)/(-5) - i/((-15)/s) a composite number?
False
Suppose 5*m = 10*m + 5*l - 15, 4*l + 51 = 5*m. Suppose -1128 = -m*h + 118. Let f = -109 + h. Is f prime?
False
Let c(z) = -10*z - 44. Let s be c(-7). Suppose 18268 = -22*t + s*t. Is t composite?
False
Let h(i) = -651*i - 10. Let f be h(9). Let j = f + 8658. Is j a prime number?
True
Suppose 23*r + 3 = 26*r, -z + 998 = 5*r. Is z a prime number?
False
Let o be (4 + 3)*(-1 + -1 + 7). Let y = 94 - o. Is y/1*(19 - -10) a prime number?
False
Is 6/(-8) + (-141)/(-156) + 61534739/637 a composite number?
False
Let y = 3846 + 17335. Is y a prime number?
False
Let l(j) = 13*j - 31. Let z be l(2). Is 3/(-6)*(z + -741) a prime number?
True
Let m(w) = -w**2 - 12*w + 10. Let k be m(-7). Suppose -564 = k*b - 46*b. Let i = 1721 + b. Is i prime?
False
Suppose -27644 = 3*d + 2*r + 165302, -r = -4*d - 257254. Is (-3 + d/8)*(-4)/3 a prime number?
True
Let f = 152824 + -92271. Is f composite?
True
Let b be (1/1)/((56/(-4))/168). Let t be (-4)/(-6) - 52/6. Is (b/t - 2)*-606 composite?
True
Let b(i) = -148*i + 11. Suppose -6*g + 5 + 25 = 0. Suppose 2*n - 1 = 7, -3*n + 22 = -g*c. Is b(c) composite?
False
Suppose 14037 = 4*m + 1741. Let p = m - 688. Is p a prime number?
False
Let q be ((-18)/(-12))/(1/(-8)*-6). Suppose -4*i + 15998 = q*v, -5*i - 8034 = 2*v - 3*v. Is v prime?
True
Let v be (-9)/21 + (-48)/280*-20. Let y(p) = 3327*p - 40. Is y(v) a composite number?
False
Suppose -4*a + 76 = 4*p, -4*p - 3*a + 43 = -32. Suppose 11*h - p*h = -10493. Is h prime?
True
Let d(w) = -w**3 - 21*w**2 + 22*w + 2. Let y be d(-22). Let j be -27 - (-9 + y - -4). Let k = j + 107. Is k composite?
False
Is (0 + 78609)/(51/85) a composite number?
True
Is 20/50*15 + 23099 prime?
False
Suppose 2*z = 4*q + 958, -117*z = -112*z - q - 2431. Is z a composite number?
False
Suppose -72 = 3*i - g, 0 = 5*i + 6*g - 4*g + 120. Let v be 3/(18/(-920)) - i/(-36). Let l = v - -491. Is l a prime number?
True
Let q be 537*4/(60/155). Suppose -22*r = 27 - q. Is r prime?
True
Let l(m) = -2*m**3 + m**2 - 21*m + 1038107. Is l(0) a composite number?
True
Let z(n) = 23*n**2 + 18*n + 8. Let c = 505 + -514. Is z(c) prime?
True
Let u = -52470 + 104251. Is u a composite number?
True
Let o(d) = d**3 + 6*d**2 - 2*d + 5. Let c be o(-3). Let h = c + -29. Is h/21 - 7/((-147)/114126) composite?
True
Suppose w + 40 = 9*w. Suppose w*q - 6539 = 3196. Suppose -5*v + m + q = 2*m, -2*m + 782 = 2*v. Is v a prime number?
True
Let y(v) be the second derivative of v**6/20 + 11*v**5/120 + 25*v**4/12 + 5*v. Let z(d) be the third derivative of y(d). Is z(21) prime?
False
Suppose 0 = -5*n + 4*p - 15 - 1, -3*p + 12 = n. Suppose n = 25*m - 33*m + 12184. Is m prime?
True
Let a(g) = 1. Let x(s) = 21*s**2 - 3*s + 2. Let p(h) = 4*a(h) - x(h). Let u be p(5). Is 4*4/((-64)/u) a prime number?
True
Suppose 1621 = -7*t + 12842. Suppose -2*l = -4*z - 654, -5*l + t = -6*z + 4*z. Is l prime?
False
Let i = 52 - 47. Suppose 4*s - 287 = -4*l + 3*l, -370 = -i*s + l. Let p = s - -54. Is p prime?
True
Let l(g) = g**2 + 5*g - 1. Let m be l(-6). Let w(h) = 0*h**3 + 16 - m*h**3 - 4*h**2 - 10 + 15*h + 19. Is w(-7) a composite number?
False
Let f(l) = 43291*l**2 - 36*l + 13. Is f(-2) composite?
False
Let l(p) = 1004281*p**2 + 21*p - 9. Is l(1) a composite number?
False
Is 28/20*(-2 - -86967) prime?
False
Let a(q) = q + 9. Let y be a(-7). Suppose y*s - 50 = 2736. Let t = -656 + s. Is t a composite number?
True
Suppose t = 3*x - 8*x - 20, 2*t - x - 15 = 0. Suppose t*n - 260 = -0*n. Let v = n - 33. Is v a composite number?
False
Suppose 27853*w = 27846*w + 407743. Is w prime?
False
Suppose 5*x - 14*a - 39176 = -12*a, -x - 4*a + 7822 = 0. Let t = x + 16471. Is t composite?
True
Suppose -5*g - 17*h + 19*h + 5314 = 0, 0 = -3*g + 4*h + 3194. Suppose -u = -215 - g. Is u composite?
False
Suppose -1166*j = -1173*j + 1398047. Is j a prime number?
True
Let k(b) = -b**3 + 14*b**2 + 4*b - 29. Let a be k(21). Let v = -987 - a. Let t = 3702 - v. Is t a prime number?
True
Suppose 20*p + 4*j + 1992351 = 23*p, -4*p + 4*j + 2656480 = 0. Is p a composite number?
True
Suppose 0 = 219*h - 214*h - 110345. Is h prime?
False
Suppose -5*h - 76559 = -w, -44*w - 2*h = -43*w - 76559. Is w composite?
True
Let d(b) = 448*b + 23. Is d(8) composite?
False
Suppose -152*g - 105*g + 1855107 + 22036384 = 0. Is g composite?
True
Suppose 0 = 25*p - 234084 + 32809. Is p a composite number?
True
Let l(q) = -6*q**3 - 41*q**2 - 13*q - 39. Let j be l(-21). Let t = -21802 + j. Is t a composite number?
True
Suppose 0 = u + 2*h - 0*h - 1, -3*u = 3*h + 3. Let q be (u + 5)*3 + -4. Suppose 710 = 2*f - q*k - 104, 2*k - 822 = -2*f. Is f a prime number?
True
Let c = 47 + 9. Let l = c + -54. Suppose l*b + n = 3*n + 1110, -2*n + 549 = b. Is b a composite number?
True
Let a(g) = 2*g**3 - 37*g**2 + 20*g - 32. Suppose 4*z - p = 2*p + 66, 3*z - p = 52. Let l be a(z). Is 23391/12 + (-1)/l prime?
True
Let j = 69406 - 16487. Is j composite?
False
Let g(q) = -26*q**2 + 5*q - 4. Let c(j) = -26*j**2 + 5*j - 5. Let l = -99 - -96. Let s(h) = l*c(h) + 2*g(h). Is s(6) prime?
False
Let b(a) = 3586*a**2 + 97*a + 14. Is b(5) prime?
True
Suppose 0 = -3*f - 5*w + 21711, -516*w = 8*f - 520*w - 58000. Is f composite?
False
Let q(y) = 11*y**2 - y. Let b(m) = 31*m**2 - 6*m - 6. Let a(u) = b(u) - 2*q(u). Let l(p) = p**3 - 5*p**2 + p. Let j be l(5). Is a(j) prime?
True
Suppose 42 = 9*w - 12. Suppose 3*l - w*l + 1116 = -r, l - 2*r = 377. Is l a prime number?
False
Let i(z) = -z**3 - 17*z**2 - 35*z + 27. Let b = -337 + 529. Suppose 5*y = -b + 112. Is i(y) composite?
False
Suppose 2*h - 4028*s - 5782777 = -4025*s, 5782787 = 2*h - 5*s. Is h composite?
False
Let w = 108 + -213. Let d be (-1)/(((-2)/w)/(36/(-21))). Let j = -1 + d. Is j a composite number?
False
Is (-23)/(-6)*(99 - -303) a composite number?
True
Suppose 30*m - 2845073 - 4641767 = 2217590. Is m a prime number?
False
Let r(d) = 3 + 35*d + 16 + 0 + 4*d. Let u = -163 - -173. Is r(u) a prime number?
True
Let n(r) = 1552082*r**3